10001001101000010 (base 2) to base 14.
-1b974
What is 1a8c097 (base 13) in base 4?
201203021123
What is -100001001011011111101 (base 2) in base 7?
-12145523
What is 20357 (base 9) in base 5?
412132
Convert -23b232 (base 13) to base 6.
-30140115
What is 334068 (base 10) in base 3?
121222020220
22550881 (base 9) to base 2
101001110011001100010111
What is -6c5af (base 16) in base 6?
-13302423
What is -331623 (base 7) in base 13?
-206ac
Convert -102122210010 (base 3) to base 16.
-38064
Convert -155042425 (base 6) to base 10.
-3318353
Convert 420010120 (base 5) to base 3.
10020100120212
What is 5848464 (base 10) in base 5?
2444122324
What is -1a7702 (base 11) in base 2?
-1001101100010111011
Convert bb1851 (base 12) to base 4.
23110221331
-20131133 (base 4) to base 6
-424235
-36805 (base 9) to base 6
-310222
Convert 16631142 (base 7) to base 6.
55034520
10442304 (base 5) to base 14
260b4
Convert 330050 (base 6) to base 16.
6a6e
1175622 (base 9) to base 15
c9be8
Convert 222012001010 (base 3) to base 12.
20a349
-1000000111100011010 (base 2) to base 12
-109b36
-1e2ee0 (base 15) to base 16
-168e5b
Convert -2120002320 (base 4) to base 15.
-c47d6
Convert -6433854 (base 10) to base 12.
-21a3366
What is -250039 (base 11) in base 8?
-1404125
Convert -8957 (base 15) to base 5.
-1412412
What is -16b3a1 (base 14) in base 6?
-25044053
What is 10ba6 (base 16) in base 2?
10000101110100110
What is 7273a5 (base 12) in base 3?
10101020120122
Convert 2002302022 (base 4) to base 6.
15252014
What is -9b9 (base 16) in base 3?
-10102012
183a0c6 (base 14) to base 8
55534516
2430441404 (base 5) to base 3
101202112002220
Convert -103100213 (base 4) to base 9.
-130182
What is 37a69 (base 12) in base 6?
1343013
-1031121411 (base 5) to base 13
-5c3b66
-1212a21 (base 11) to base 14
-3cda75
-314335412 (base 6) to base 8
-25070240
Convert -710726 (base 9) to base 15.
-848d0
What is -342143 (base 5) in base 13?
-5705
Convert 102323311 (base 4) to base 8.
227365
-292244 (base 12) to base 13
-1b1267
Convert 2203113102 (base 4) to base 5.
132403023
What is 15484 (base 15) in base 6?
1245124
-2755220 (base 12) to base 15
-a48e19
-110101101101111100101 (base 2) to base 5
-422311404
What is -440220 (base 5) in base 12?
-8870
What is 8dc0d (base 14) in base 8?
1242425
Convert -16378054 (base 9) to base 6.
-451433334
Convert -116587 (base 10) to base 6.
-2255431
Convert 20001220222012 (base 3) to base 5.
1311222112
3187440 (base 9) to base 7
20355165
22001020001 (base 3) to base 14
419d2
What is -1552035 (base 8) in base 5?
-103310032
What is 12618 (base 16) in base 7?
432333
What is -4514142 (base 6) in base 9?
-376338
Convert -101001000101110101 (base 2) to base 13.
-5b7bb
Convert -73ab73 (base 12) to base 10.
-1822983
What is -164216 (base 8) in base 6?
-1135342
-11020122120 (base 4) to base 2
-101001000011010011000
Convert -16361 (base 15) to base 6.
-1311401
What is -882344 (base 10) in base 9?
-1584312
What is 2040362 (base 8) in base 2?
10000100000011110010
What is 632411 (base 7) in base 8?
324607
-4328232 (base 10) to base 7
-51534516
Convert 163a52 (base 11) to base 15.
5048c
254550 (base 6) to base 3
1011200210
Convert 284141 (base 9) to base 6.
3415444
120230030 (base 4) to base 5
11214012
What is -21001001200 (base 3) in base 2?
-100001110100111011
Convert 40210213 (base 6) to base 10.
1136673
177957 (base 10) to base 15
37adc
What is -4b9452 (base 12) in base 14?
-243a7c
Convert 6d64 (base 16) to base 15.
846e
Convert -16d69e (base 15) to base 14.
-20bd87
438c4 (base 15) to base 11
13726a
Convert -212000104 (base 5) to base 7.
-10366442
Convert 2321332120 (base 4) to base 11.
480352
-1111222200002 (base 3) to base 14
-17001c
108063 (base 9) to base 8
176652
What is -11201 (base 9) in base 2?
-1110100011101
Convert 110010100000101010110 (base 2) to base 6.
55250342
What is -614fb (base 16) in base 12?
-1727b7
Convert -101110111001000 (base 2) to base 12.
-11a88
What is -239416 (base 16) in base 5?
-1044103140
-5671724 (base 10) to base 6
-321321552
What is 1421301223 (base 5) in base 7?
43265416
What is 75b68 (base 12) in base 8?
457500
What is -2603150 (base 8) in base 12?
-2aa174
Convert 2b0367 (base 12) to base 14.
14c967
Convert 37ce8 (base 16) to base 13.
80075
-55326 (base 8) to base 9
-34807
12012100021 (base 3) to base 12
4b25a
Convert -1321324544 (base 6) to base 7.
-250605361
232918a (base 11) to base 4
33201012223
-381080 (base 15) to base 6
-133330020
What is 50305635 (base 7) in base 6?
225214203
-470522 (base 9) to base 3
-112100120202
106232234 (base 7) to base 2
11000110101111011000001
What is -b00bd (base 16) in base 7?
-6062201
-3820455 (base 9) to base 2
-111111011110111010011
-3232c (base 14) to base 3
-20011110222
426477 (base 9) to base 8
760206
What is 3702707 (base 9) in base 2?
111101010101001100010
211122210211 (base 3) to base 7
3535213
What is 46102216 (base 8) in base 12?
3420466
Convert 2403315 (base 9) to base 12.
529242
-1442055 (base 6) to base 2
-10100010111010011
26566606 (base 7) to base 4
21113010103
-656001 (base 8) to base 5
-24021121
Convert -34322311 (base 5) to base 16.
-4b277
What is 22101542 (base 6) in base 5?
132131012
What is -3d7ca (base 15) in base 14?
-51da3
Convert -5264841 (base 9) to base 6.
-140223314
264d94 (base 14) to base 3
2111001102102
-28332 (base 13) to base 8
-222756
Convert 102210311 (base 4) to base 14.
1da29
Convert 61b90c (base 13) to base 7.
25253055
Convert -261524 (base 9) to base 14.
-41b40
-112011002220 (base 3) to base 4
-1010000130
What is -73917 (base 14) in base 13?
-99c61
What is 1282338 (base 13) in base 6?
324212543
What is 20111202120 (base 3) in base 16?
1f482
-6287e9 (base 16) to base 5
-3123113241
What is 457a0a (base 12) in base 15?
16e9a4
-30464 (base 11) to base 15
-d2a2
Convert -6707a4 (base 15) to base 10.
-4912354
What is -3c444a (base 14) in base 16?
-1fd592
Convert -62184 (base 12) to base 9.
-214661
Convert -3013001302 (base 4) to base 9.
-1472237
Convert 1224213030 (base 5) to base 2.
1011010010110000000110
Convert -10322462 (base 7) to base 8.
-3266114
Convert -111000110010001000 (base 2) to base 3.
-102211001020
Convert 158643 (base 14) to base 4.
2313313003
Convert -11034224 (base 6) to base 16.
-50ea8
What is 23333221 (base 4) in base 11?
33a03
-611262 (base 10) to base 8
-2251676
-41404a9 (base 12) to base 4
-232311023001
Convert -10344232333 (base 5) to base 2.
-101011001011111010001000
What is 3022130122 (base 4) in base 12?
33ba4a
What is 6017902 (base 10) in base 12?
20226ba
Convert 12363000 (base 7) to base 12.
462a49
-201030 (base 9) to base 4
-131001012
What is -c161b3 (base 14) in base 3?
-110020200211120
Convert -1011122201100 (base 3) to base 5.
-124414323
11111111010111100 (base 2) to base 16
1febc
Convert -82696 (base 12) to base 2.
-101001100101010010
What is -392353 (base 13) in base 16?
-14fe99
a3ad65 (base 16) to base 14
15d324d
Convert 147777 (base 9) to base 12.
44821
bce6 (base 16) to base 14
138a2
What is 10110110111011101 (base 2) in base 5?
10444121
What is 1111011111111101010 (base 2) in base 6?
14515150
Convert 438883 (base 10) to base 4.
1223021203
Convert 3032003 (base 6) to base 15.
2cb46
Convert -120010122012 (base 3) to base 10.
-297896
Convert 219140 (base 14) to base 10.
1139012
47710 (base 11) to base 12
33943
What is 75542044 (base 8) in base 15?
1646acd
What is 32114103 (base 5) in base 10?
269903
What is 6462 (base 14) in base 16?
43b6
Convert 1021101201221 (base 3) to base 12.
28798a
What is 2855453 (base 10) in base 11?
1680387
10210012002 (base 3) to base 6
1332515
What is -3571c (base 13) in base 14?
-27952
What is 32012300120 (base 4) in base 8?
16066030
226b7 (base 15) to base 2
11010101111010010
Convert 16db5 (base 16) to base 10.
93621
What is -81136 (base 12) in base 6?
-3332510
Convert 40d8 (base 14) to base 4.
2232132
-129020 (base 10) to base 13
-46958
-1355650 (base 8) to base 2
-1011101101110101000
6664518 (base 10) to base 4
121123011012
4530255 (base 8) to base 6
42130421
Convert 33123201 (base 4) to base 13.
229c8
What is 11011011000000010110 (base 2) in base 15?
12abd1
What is -2132430 (base 5) in base 2?
-1000111100000111
Convert -205706 (base 13) to base 3.
-1102100100002
Convert -1266520 (base 8) to base 5.
-42340124
Wha